960?
1
What is the thousands digit of 665725688?
5
What is the ten thousands digit of 33027815?
2
What is the hundred thousands digit of 946928312?
9
What is the millions digit of 348376263?
8
What is the ten millions digit of 983845432?
8
What is the ten millions digit of 4725986344?
2
What is the ten millions digit of 2332487300?
3
What is the thousands digit of 277899070?
9
What is the units digit of 847333728?
8
What is the ten millions digit of 162857736?
6
What is the ten millions digit of 193123263?
9
What is the hundred thousands digit of 2175715544?
7
What is the hundred millions digit of 5211059580?
2
What is the hundred thousands digit of 3652610201?
6
What is the hundred thousands digit of 247439320?
4
What is the ten thousands digit of 109934219?
3
What is the ten millions digit of 3343398717?
4
What is the units digit of 387182321?
1
What is the hundred thousands digit of 86302804?
3
What is the millions digit of 251939755?
1
What is the millions digit of 202312729?
2
What is the ten thousands digit of 21426808?
2
What is the ten millions digit of 218177589?
1
What is the millions digit of 1696872394?
6
What is the millions digit of 537339356?
7
What is the tens digit of 896855395?
9
What is the hundreds digit of 528812927?
9
What is the ten thousands digit of 57316376?
1
What is the units digit of 340888185?
5
What is the thousands digit of 953928382?
8
What is the units digit of 419608327?
7
What is the ten thousands digit of 1351745193?
4
What is the hundred thousands digit of 3132314520?
3
What is the ten thousands digit of 1575160267?
6
What is the millions digit of 69142766?
9
What is the hundred thousands digit of 18215210?
2
What is the units digit of 5078151?
1
What is the hundreds digit of 72694883?
8
What is the hundreds digit of 7513475?
4
What is the millions digit of 29616660?
9
What is the ten thousands digit of 124663437?
6
What is the units digit of 9253592?
2
What is the hundred millions digit of 3238920496?
2
What is the thousands digit of 3237847166?
7
What is the units digit of 133360820?
0
What is the hundreds digit of 485790475?
4
What is the ten thousands digit of 10804571?
0
What is the hundred thousands digit of 43372426?
3
What is the hundred thousands digit of 246102932?
1
What is the thousands digit of 820993811?
3
What is the ten thousands digit of 552295461?
9
What is the hundreds digit of 151726563?
5
What is the hundred thousands digit of 53328162?
3
What is the ten thousands digit of 6662191384?
9
What is the billions digit of 1055071234?
1
What is the tens digit of 1144152404?
0
What is the millions digit of 99875156?
9
What is the ten millions digit of 234466096?
3
What is the units digit of 20401285?
5
What is the ten thousands digit of 827158198?
5
What is the hundred millions digit of 287758088?
2
What is the hundreds digit of 60422441?
4
What is the millions digit of 97393620?
7
What is the units digit of 167044415?
5
What is the millions digit of 20194362?
0
What is the ten millions digit of 240512577?
4
What is the ten millions digit of 506386613?
0
What is the tens digit of 998225789?
8
What is the units digit of 357877287?
7
What is the tens digit of 390849128?
2
What is the hundred thousands digit of 2750156837?
1
What is the ten thousands digit of 50836460?
3
What is the billions digit of 3542124342?
3
What is the hundreds digit of 48591263?
2
What is the hundreds digit of 2349402793?
7
What is the units digit of 2990222180?
0
What is the hundreds digit of 44264271?
2
What is the hundreds digit of 54129240?
2
What is the hundred thousands digit of 2369945443?
9
What is the hundred thousands digit of 97666811?
6
What is the billions digit of 4526055967?
4
What is the ten millions digit of 60510854?
6
What is the units digit of 505161277?
7
What is the ten thousands digit of 7023376047?
7
What is the millions digit of 459475346?
9
What is the tens digit of 100954291?
9
What is the thousands digit of 1533529617?
9
What is the hundred thousands digit of 3221406715?
4
What is the millions digit of 54512200?
4
What is the thousands digit of 2341512584?
2
What is the thousands digit of 470909322?
9
What is the hundreds digit of 27075019?
0
What is the ten thousands digit of 19504206?
0
What is the ten thousands digit of 1226000289?
0
What is the thousands digit of 5861229?
1
What is the thousands digit of 575044626?
4
What is the hundred millions digit of 2149190161?
1
What is the units digit of 785944188?
8
What is the ten millions digit of 294885891?
9
What is the ten thousands digit of 873975344?
7
What is the units digit of 120590556?
6
What is the ten millions digit of 103671580?
0
What is the units digit of 2499929033?
3
What is the hundred thousands digit of 53926898?
9
What is the billions digit of 3317431705?
3
What is the hundred thousands digit of 824212993?
2
What is the units digit of 23133715?
5
What is the ten thousands digit of 2551744891?
4
What is the tens digit of 3642643141?
4
What is the hundreds digit of 2913538?
5
What is the ten millions digit of 77390709?
7
What is the units digit of 186361241?
1
What is the tens digit of 509983401?
0
What is the hundred thousands digit of 5705601711?
6
What is the tens digit of 497323248?
4
What is the ten millions digit of 93528942?
9
What is the hundreds digit of 2310753885?
8
What is the millions digit of 272374192?
2
What is the hundreds digit of 6801355?
3
What is the hundred thousands digit of 245317923?
3
What is the hundreds digit of 268722417?
4
What is the tens digit of 1445964795?
9
What is the hundreds digit of 10249603?
6
What is the ten millions digit of 130336668?
3
What is the units digit of 52272855?
5
What is the ten thousands digit of 14806600?
0
What is the units digit of 17396887?
7
What is the hundred thousands digit of 210458422?
4
What is the thousands digit of 261241411?
1
What is the millions digit of 75857279?
5
What is the millions digit of 106067520?
6
What is the ten millions digit of 223127276?
2
What is the hundred thousands digit of 1362213908?
2
What is the tens digit of 43982453?
5
What is the billions digit of 2036144713?
2
What is the ten millions digit of 12534265?
1
What is the ten millions digit of 302469351?
0
What is the ten thousands digit of 1190829755?
2
What is the tens digit of 1069720175?
7
What is the tens digit of 311876292?
9
What is the units digit of 257146337?
7
What is the ten millions digit of 382735935?
8
What is the tens digit of 154573463?
6
What is the tens digit of 287150157?
5
What is the hundreds digit of 20738427?
4
What is the hundreds digit of 208922563?
5
What is the hundreds digit of 679796462?
4
What is the hundred millions digit of 437141105?
4
What is the ten millions digit of 151007783?
5
What is the millions digit of 1664988729?
4
What is the units digit of 28943966?
6
What is the hundred thousands digit of 3789623977?
6
What is the tens digit of 48052544?
4
What is the millions digit of 9667119?
9
What is the hundred millions digit of 358167881?
3
What is the ten thousands digit of 577506536?
0
What is the units digit of 68727335?
5
What is the tens digit of 454007996?
9
What is the hundreds digit of 1081968911?
9
What is the hundred thousands digit of 669410634?
4
What is the hundreds digit of 1034153525?
5
What is the units digit of 157874782?
2
What is the thousands digit of 2515218535?
8
What is the thousands digit of 2498499050?
9
What is the ten millions digit of 44548939?
4
What is the millions digit of 1153810820?
3
What is the units digit of 320660982?
2
What is the thousands digit of 8944758?
4
What is the millions digit of 41770644?
1
What is the ten millions digit of 3121706266?
2
What is the tens digit of 4823320037?
3
What is the ten thousands digit of 1092882871?
8
What is the thousands digit of 918783187?
3
What is the thousands digit of 271326164?
6
What is the thousands digit of 629063490?
3
What is the thousands digit of 1446160?
6
What is the hundred thousands digit of 2682575?
6
What is the hundred thousands digit of 210722592?
7
What is the thousands digit of 94790365?
0
What is the thousands digit of 872023599?
3
What is the ten millions digit of 1117205825?
1
What is the tens digit of 218122194?
9
What is the hundred thousands digi